hat is the units digit of i?
8
Suppose -5*a + 33 = -2*a. What is the tens digit of a?
1
Let z = 419 - 282. What is the tens digit of z?
3
Let g(b) = 12*b - 2. Let t be g(-2). Let a = -8 - t. What is the units digit of a?
8
Suppose -2*i - 2 + 8 = 0. Suppose 2*g - 2*z - i*z = 27, g + 4*z - 7 = 0. What is the units digit of g?
1
What is the units digit of (49 - 4)*3/5?
7
Let a = -49 + 81. What is the units digit of a?
2
Let u(l) = l**2 + 7*l - 7. Let r be u(-12). Suppose r = 2*b - 5*q, -b + 0*q + 3*q = -25. What is the tens digit of b?
3
Let g(v) = -v**3 - 6*v**2 - 5*v + 2. Let r be g(-5). Let n be 0/((-4)/r + -1). Suppose -k - 2*k + 12 = n. What is the units digit of k?
4
Let c be ((-1)/(-2))/(1/2). What is the tens digit of 14 + c*0/(-3)?
1
Let y be 48/18*3/2. Let u = 20 - y. What is the units digit of u?
6
Let c(i) be the third derivative of -i**4/24 + 5*i**3/6 + 2*i**2. What is the units digit of c(0)?
5
Let n = 4 + -1. Let p = n + 3. What is the units digit of p?
6
Let g = -72 + 86. What is the tens digit of g?
1
Let f be 15/(-6) + 1/2. What is the units digit of (-5)/((-5)/f) + 15?
3
Let z(b) = -b + 2. Let m(a) = -3*a + 7. Let d(w) = -2*m(w) + 7*z(w). Let c be d(-7). Let q = 17 - c. What is the units digit of q?
0
Let i = 7 - 4. Suppose 0 = 4*c - i*h - 41, -2*c + 2*h = -4*c + 10. What is the units digit of c?
8
Let n(l) = -l**2 - 8*l + 10. Let f be n(-8). Suppose b + f = 3*b. What is the units digit of b?
5
Let k(a) = a - 1. Let g be k(2). What is the units digit of (-2 + g)*(-11 - -8)?
3
Let v(b) = -b**3 + 8*b**2 - 6*b + 13. What is the tens digit of v(6)?
4
Let g(a) = -3*a**2 + 3*a**2 + 2*a**2 - 6 + 7*a. Let m be g(5). Suppose 4 = -4*n, -n + 6*n = -4*i + m. What is the units digit of i?
1
Suppose 2*p - 120 = g, 2*p = -3*p - g + 293. Suppose -4*y = -8*y + 20. Suppose -y*i + p = -46. What is the tens digit of i?
2
What is the tens digit of 83*(1 - (1 + -1))?
8
Let f(y) = -y**3 + 9*y**2 - 7*y - 6. Let g be f(8). Suppose g*b = 4*b - 38. What is the tens digit of b?
1
Let w = 5 + -3. Suppose -2*t - 3*t = -5*f - 100, 0 = -w*f - 2. What is the tens digit of t?
1
Let h(l) = -l**3 + 4*l**2 - 4*l + 2. Let q be -15*(7/(-5) - -1). Suppose 0 = 4*p - 2 - q. What is the units digit of h(p)?
2
Let j(b) = -2*b**2 + 5*b + 2*b**2 - 10 + b**2. Let s be j(-7). Suppose -r = -s*r + 15. What is the units digit of r?
5
Let u(t) be the second derivative of -t**5/20 + t**4/2 + t**3/6 - t**2/2 - t. What is the units digit of u(6)?
5
Suppose -3*s = -5*s. Let m = 4 - s. What is the units digit of m?
4
Let q = -2 + 4. What is the units digit of q?
2
Suppose 8*d - 3*d + 5*i = 35, -3*i = 4*d - 28. Let k(c) be the first derivative of c**2 - 10*c - 6. What is the units digit of k(d)?
4
Let u(q) = q**3 + 4*q**2 + 2*q + 2. Let t be u(-3). Suppose t*w = -0*w + 10. Suppose 15 = l + w*a, -4*l + 6 = 2*a - 54. What is the tens digit of l?
1
Suppose 4*w = w. Let c(s) = -s**3 + 5*s**2 + 6*s + 2. Let m be c(6). Suppose g - m*g + 1 = w. What is the units digit of g?
1
Suppose 4*k - 2*h = 2*k - 8, -4*h + 4 = 0. Let z(c) = c**2 + 0*c + 0*c + 2. What is the units digit of z(k)?
1
Suppose -4*z = -0*v + 3*v + 12, -2*z - 5*v - 20 = 0. Suppose z*c + 42 = 2*c. What is the units digit of c?
1
Suppose 0*x + 3 = -x. Let w(u) = -u. Let a be w(x). Suppose 2*t - 2 = -f, -2*t = t - 2*f - a. What is the units digit of t?
1
Let o = 36 + -12. What is the tens digit of o?
2
Let x be 22/6 - (-2)/(-3). Let f = 0 + x. Suppose q = 2*c + 14, -5*q - 22 = -f*c - 64. What is the units digit of q?
6
Suppose -4*m + 151 = 43. What is the units digit of m?
7
Let m(a) = -10*a**3 - 2*a**3 + a**2 + 1 - 4*a**2 + a**2. What is the tens digit of m(-1)?
1
Suppose 5 - 1 = 4*v. Let t(y) = 2*y**3 - y**2 + 1 + 5*y**3 + 0*y**3 - y**2. What is the units digit of t(v)?
6
Suppose 5*t + 38 = 2*t + 2*u, 0 = -3*t - 5*u - 10. What is the tens digit of 1 - (1 - t)*-1?
1
Let d(g) = -g + 4. Let w be d(10). Let f(r) = r**2 + 5*r + 6. What is the units digit of f(w)?
2
Let p(h) = -h**3 + 6*h**2 + 9*h + 6. What is the tens digit of p(7)?
2
Let a(c) = c**2 - 11*c + 1. Let n be a(9). Let o = n + 32. What is the units digit of o?
5
Let l(x) = -x + 41. What is the tens digit of l(0)?
4
Let n(v) = 19*v**3 - v**2 + v + 1. Let f be n(-1). Let s = 39 + f. What is the tens digit of s?
1
Let k(d) = -3*d - 3. Let x be k(-2). Suppose -g - 47 = -5*g + x*c, 4*g - 7 = -5*c. What is the units digit of g?
8
Let y be 2/3 + (-30)/(-9). Let s be (18/(-4))/(y/(-8)). What is the units digit of (s/(-5))/((-3)/15)?
9
Suppose -m + 0*m = -2. Suppose -m*o + 3*f + 16 = 0, o - f = -0*o + 7. What is the units digit of o?
5
Suppose 0 = 5*s - 10 - 25. Let f = 9 - 5. Let y = s - f. What is the units digit of y?
3
Let r(l) be the second derivative of l**5/20 + 7*l**4/12 + 5*l**3/6 - l**2 + 3*l. What is the units digit of r(-5)?
3
Let k = 28 - -8. Suppose 12 = -2*w + k. What is the tens digit of w?
1
Suppose 0*a + 5*a - 115 = 0. Suppose 5*k - 2*n + 3*n - a = 0, -2*k = -4*n - 18. What is the units digit of k?
5
Let s be 4/(-14) + (-46)/(-14). Suppose -2*x + 2*p - 10 = -6*x, 0 = -3*x - 3*p + 9. Let o = s - x. What is the units digit of o?
1
Let u = 83 + -43. What is the units digit of u?
0
Let z(n) be the third derivative of 0*n + 1/3*n**4 + 2*n**2 + 1/12*n**5 + 0 - 1/120*n**6 - 5/6*n**3. What is the units digit of z(6)?
7
Let h = 61 + -37. What is the units digit of h?
4
Let l(r) be the third derivative of -r**4/12 - r**3/2 - r**2. Let d = -9 - -6. What is the units digit of l(d)?
3
Suppose m + 5 = -4*m, 154 = 5*q - 4*m. What is the tens digit of q?
3
Let o be 2/1 - 28/(-2). Suppose -3*d = 4*g - 84, -3*g - 24 - 4 = -d. Let j = d - o. What is the tens digit of j?
1
Let j = 52 + -29. What is the tens digit of j?
2
Suppose 4*i = 2*p - 7*p + 26, 4*i = -p + 18. Suppose 35 = b + i*b. Suppose b*f - 12 = 4*f. What is the units digit of f?
4
Let j(b) = -b**3 + 1 + 8*b**2 + b**2 + 2*b - 2 - 6*b**2. What is the units digit of j(3)?
5
Let g(d) = -d**3 + d**2 + 4*d + 3. Let r be g(-2). Let l = 0 + r. What is the units digit of l?
7
Suppose 0 = s + 2*s - 15. Suppose -4*h = 2*q - 4, 22 = q - s*h - 1. What is the units digit of q?
8
Let o(b) = 7*b**2 + 3*b + 13. Let p(g) = 4*g**2 + g + 7. Let w(k) = 3*o(k) - 5*p(k). What is the units digit of w(-5)?
9
Suppose -4*g - l - 3*l = -264, -5*g + 354 = -l. What is the units digit of g?
0
Let l(b) = 3*b. Let x = 7 - 5. Let a be ((-2)/4)/(x/(-4)). What is the units digit of l(a)?
3
Let o = -8 - -69. Let h = -41 + o. What is the units digit of h?
0
Let l = 34 + 7. What is the tens digit of l?
4
Suppose z + 3*i - 5 - 23 = 0, -z + 2*i = -38. What is the tens digit of z?
3
Suppose 4*z - 3*z + 5 = 0. Let f(r) = 5 + r + 5*r + r**2 - r. What is the units digit of f(z)?
5
Let g(i) = i**3 + 6*i**2 + 6*i + 7. Suppose 6*c - 2*c = -20. What is the units digit of g(c)?
2
Let x(k) = -28*k + 1. What is the units digit of x(-1)?
9
Suppose 3*a = -a - 4. Let n be (20/3)/(a/6). What is the units digit of n/(-6)*(-30)/(-25)?
8
Suppose 12 = -4*j + 244. What is the units digit of j?
8
Let r(i) = -i**3 - 6*i**2 + 6*i - 2. Let v(c) = -c. Let a be v(7). Let n be r(a). Suppose d - n + 1 = 0. What is the units digit of d?
4
Let p(m) = -m**3 - 9*m**2 - 10*m. Let c be p(-8). Suppose 1 = d - c. What is the tens digit of d?
1
Suppose 5*x - 8*x = 21. Let j(t) = t**3 + 8*t**2 + 3*t + 2. What is the tens digit of j(x)?
3
Suppose 2*q - 7*q + 75 = 0. What is the units digit of q?
5
Suppose x = 4*p + p + 207, 2*p + 1081 = 5*x. What is the tens digit of x?
1
Let v = -15 + 20. Suppose -v*o - 65 = -5*m, -5*o + 2*o + 3 = 0. What is the units digit of m?
4
Suppose -2*l = -3*l - 2, l + 352 = 5*a. What is the tens digit of a?
7
Let z(y) = -y + 1. Suppose 2*t - 1 = -3. Let n be z(t). Suppose c = -c - n*f + 24, -48 = -5*c - f. What is the units digit of c?
9
Let a(z) = -z**3 + 6*z**2 + z - 3. Let j be a(6). Let t be (21 - 0)*(-4)/j. Let u = t - -42. What is the units digit of u?
4
Let o(h) be the first derivative of 2*h**2 + 2/3*h**3 + 2 + 3*h. What is the units digit of o(-3)?
9
Let i(k) = -k**3 + 5*k**2 - 2*k. Let g be i(4). Let y be (-2)/(-9) + (-301)/(-63). Suppose g*z - y = 3*z. What is the units digit of z?
1
Let x = 44 - 3. What is the tens digit of x?
4
Let k be (3 + (-21)/6)*2. Le